ded by 39?
17
Calculate the remainder when 1197 is divided by 8.
5
Calculate the remainder when 619 is divided by 90.
79
Calculate the remainder when 18 is divided by 7.
4
What is the remainder when 220 is divided by 13?
12
Calculate the remainder when 209 is divided by 24.
17
What is the remainder when 506 is divided by 496?
10
Calculate the remainder when 9287 is divided by 72.
71
What is the remainder when 835 is divided by 22?
21
What is the remainder when 1481 is divided by 487?
20
Calculate the remainder when 20058 is divided by 114.
108
What is the remainder when 440 is divided by 34?
32
Calculate the remainder when 788 is divided by 235.
83
Calculate the remainder when 5866 is divided by 163.
161
What is the remainder when 3982 is divided by 166?
164
What is the remainder when 1655 is divided by 41?
15
Calculate the remainder when 1135 is divided by 142.
141
What is the remainder when 46 is divided by 14?
4
Calculate the remainder when 128 is divided by 44.
40
What is the remainder when 1002 is divided by 17?
16
What is the remainder when 294 is divided by 139?
16
Calculate the remainder when 2498 is divided by 50.
48
Calculate the remainder when 113 is divided by 19.
18
What is the remainder when 4757 is divided by 136?
133
Calculate the remainder when 3597 is divided by 9.
6
What is the remainder when 179 is divided by 9?
8
What is the remainder when 1038 is divided by 50?
38
What is the remainder when 805 is divided by 15?
10
What is the remainder when 924 is divided by 83?
11
What is the remainder when 67 is divided by 17?
16
What is the remainder when 532 is divided by 90?
82
What is the remainder when 206 is divided by 35?
31
Calculate the remainder when 198 is divided by 6.
0
Calculate the remainder when 2623 is divided by 15.
13
Calculate the remainder when 978 is divided by 126.
96
What is the remainder when 460 is divided by 225?
10
What is the remainder when 351 is divided by 71?
67
What is the remainder when 222 is divided by 115?
107
What is the remainder when 1523 is divided by 757?
9
What is the remainder when 1015 is divided by 296?
127
What is the remainder when 53 is divided by 38?
15
Calculate the remainder when 252 is divided by 115.
22
Calculate the remainder when 25 is divided by 22.
3
Calculate the remainder when 1883 is divided by 2.
1
What is the remainder when 68 is divided by 12?
8
What is the remainder when 1183 is divided by 32?
31
What is the remainder when 454 is divided by 76?
74
Calculate the remainder when 172 is divided by 54.
10
Calculate the remainder when 846 is divided by 119.
13
What is the remainder when 100 is divided by 40?
20
What is the remainder when 17710 is divided by 89?
88
Calculate the remainder when 2322 is divided by 234.
216
Calculate the remainder when 75 is divided by 16.
11
Calculate the remainder when 3046 is divided by 12.
10
What is the remainder when 223 is divided by 21?
13
What is the remainder when 965 is divided by 318?
11
Calculate the remainder when 71 is divided by 24.
23
Calculate the remainder when 1499 is divided by 100.
99
What is the remainder when 11690 is divided by 75?
65
What is the remainder when 300 is divided by 178?
122
What is the remainder when 98 is divided by 17?
13
What is the remainder when 6395 is divided by 13?
12
What is the remainder when 517 is divided by 26?
23
What is the remainder when 1355 is divided by 318?
83
Calculate the remainder when 282 is divided by 197.
85
Calculate the remainder when 227 is divided by 23.
20
Calculate the remainder when 3284 is divided by 54.
44
Calculate the remainder when 6350 is divided by 16.
14
Calculate the remainder when 106 is divided by 86.
20
Calculate the remainder when 433 is divided by 54.
1
Calculate the remainder when 1467 is divided by 733.
1
Calculate the remainder when 280 is divided by 59.
44
Calculate the remainder when 832 is divided by 16.
0
What is the remainder when 229 is divided by 8?
5
Calculate the remainder when 928 is divided by 152.
16
Calculate the remainder when 454 is divided by 34.
12
Calculate the remainder when 1810 is divided by 603.
1
What is the remainder when 95 is divided by 12?
11
Calculate the remainder when 649 is divided by 636.
13
Calculate the remainder when 275 is divided by 41.
29
What is the remainder when 526 is divided by 86?
10
What is the remainder when 2929 is divided by 976?
1
Calculate the remainder when 688 is divided by 338.
12
What is the remainder when 125 is divided by 12?
5
What is the remainder when 1256 is divided by 17?
15
Calculate the remainder when 1660 is divided by 415.
0
Calculate the remainder when 91 is divided by 25.
16
What is the remainder when 114 is divided by 73?
41
What is the remainder when 3568 is divided by 70?
68
Calculate the remainder when 14016 is divided by 82.
76
Calculate the remainder when 182 is divided by 83.
16
Calculate the remainder when 35 is divided by 10.
5
Calculate the remainder when 134 is divided by 6.
2
What is the remainder when 4380 is divided by 86?
80
Calculate the remainder when 1811 is divided by 26.
17
Calculate the remainder when 948 is divided by 50.
48
What is the remainder when 523 is divided by 252?
19
Calculate the remainder when 30 is divided by 27.
3
Calculate the remainder when 328 is divided by 5.
3
Calculate the remainder when 897 is divided by 5.
2
What is the remainder when 178 is divided by 73?
32
What is the remainder when 4093 is divided by 372?
1
What is the remainder when 387 is divided by 64?
3
What is the remainder when 11489 is divided by 17?
14
What is the remainder when 136 is divided by 32?
8
What is the remainder when 875 is divided by 147?
140
What is the remainder when 130 is divided by 56?
18
Calculate the remainder when 241 is divided by 20.
1
Calculate the remainder when 118 is divided by 72.
46
Calculate the remainder when 143 is divided by 24.
23
Calculate the remainder when 1483 is divided by 171.
115
What is the remainder when 20565 is divided by 113?
112
What is the remainder when 208 is divided by 38?
18
Calculate the remainder when 145 is divided by 142.
3
Calculate the remainder when 43 is divided by 19.
5
What is the remainder when 16364 is divided by 264?
260
What is the remainder when 2405 is divided by 33?
29
What is the remainder when 1658 is divided by 20?
18
Calculate the remainder when 75 is divided by 5.
0
What is the remainder when 858 is divided by 43?
41
What is the remainder when 869 is divided by 30?
29
Calculate the remainder when 705 is divided by 118.
115
Calculate the remainder when 4150 is divided by 42.
34
What is the remainder when 90 is divided by 12?
6
What is the remainder when 139 is divided by 36?
31
Calculate the remainder when 830 is divided by 18.
2
Calculate the remainder when 236 is divided by 25.
11
Calculate the remainder when 1702 is divided by 55.
52
Calculate the remainder when 1923 is divided by 148.
147
What is the remainder when 254 is divided by 107?
40
What is the remainder when 278 is divided by 88?
14
Calculate the remainder when 740 is divided by 30.
20
Calculate the remainder when 4655 is divided by 16.
15
What is the remainder when 1918 is divided by 128?
126
What is the remainder when 151 is divided by 9?
7
Calculate the remainder when 526 is divided by 34.
16
Calculate the remainder when 432 is divided by 4.
0
Calculate the remainder when 34 is divided by 6.
4
What is the remainder when 908 is divided by 14?
12
What is the remainder when 115 is divided by 34?
13
Calculate the remainder when 5707 is divided by 336.
331
Calculate the remainder when 202 is divided by 58.
28
Calculate the remainder when 187 is divided by 9.
7
What is the remainder when 273 is divided by 17?
1
What is the remainder when 467 is divided by 10?
7
What is the remainder when 120 is divided by 37?
9
What is the remainder when 491 is divided by 13?
10
What is the remainder when 1085 is divided by 26?
19
Calculate the remainder when 219 is divided by 48.
27
What is the remainder when 1797 is divided by 15?
12
What is the remainder when 287 is divided by 76?
59
Calculate the remainder when 3866 is divided by 352.
346
What is the remainder when 352 is divided by 119?
114
Calculate the remainder when 652 is divided by 96.
76
Calculate the remainde